
Let u(w) = 6 + w**2 - 3 - 5*w + 8 - 2*w**2. Let k be u(-6). Let z be 18/(-7)*((-485)/15 - k). What is the greatest common factor of 32 and z?
32
Suppose -4*y + 3*o = -49, -2*y + 17*o = 14*o - 29. Let i = 23 - -27. Calculate the greatest common divisor of i and y.
10
Suppose -3*r = 40 - 625. Suppose 3*i + 3*j = 162, -r = -4*i - 2*j + 17. Let m be 268/i - 12/78. Calculate the greatest common divisor of m and 5.
5
Suppose 4*r + 17*z = 1225, 0 = 6*z - z - 25. What is the greatest common factor of 665 and r?
95
Suppose -7*l - 12 = -6*l + 5*n, 2*l = -n - 15. Let c be l/((-14)/4) + (0 - -37). Let a = 40 - c. Calculate the highest common divisor of a and 11.
1
Let x = 5361 - 5106. What is the highest common divisor of x and 816?
51
Let u = 0 + 9. Let m(i) = 5106*i + 21099. Let j be m(-4). What is the highest common factor of u and j?
9
Let l(q) = -1072*q**3 - 3*q**2 - 69*q - 225. Let t be l(-3). What is the highest common divisor of t and 171?
171
Suppose 70*x = -6352 + 15525 + 13857. Calculate the highest common factor of 84 and x.
7
Let b(h) = 8*h**2 - h + 2. Let a be b(-1). Suppose -9 = -4*n + a, 3*n = -2*m + 231. Calculate the greatest common divisor of 27 and m.
27
Let n(c) = 3*c**2 + 5*c - 7. Let q be n(3). Suppose -q = -2*m - 5*u, -98 = -7*m + 2*m - 2*u. Calculate the greatest common factor of 220 and m.
20
Let a = -3769 - -3859. Let h = -42 + 92. What is the highest common divisor of h and a?
10
Let l be (-8167)/(-7) - (-8 - (-540)/70). Suppose l = -2*c + 1175. What is the greatest common factor of c and 28?
4
Suppose -197*b + 7905 = -180*b. Calculate the greatest common divisor of b and 2139.
93
Let i = -12 - 11. Let x = i - -38. Let c = -183 - -193. Calculate the greatest common divisor of x and c.
5
Let q(y) = -5*y - 71. Let i be q(-15). Suppose -i*g + 11 - 64 = -3*b, 2*g = 4*b - 64. Calculate the greatest common divisor of b and 105.
15
Let t(l) = 5*l**2 + 69*l - 200. Let y be t(4). What is the greatest common factor of 2236 and y?
52
Suppose 63 = o + o + 5*n, 3*o = -n + 101. Let q = 34 - o. Suppose q = 4*w + 4*u - 12, 2*w + u - 4*u - 31 = 0. Calculate the highest common factor of w and 8.
8
Let o = 4 + 24. Suppose -6*w + 8*w = 14. Suppose -3*d - 3*v = -849, 5*d - 5*v + w*v - 1406 = 0. What is the highest common divisor of d and o?
28
Let j(t) be the first derivative of t + 2/3*t**3 - 1 + 1/2*t**4 + 0*t**2. Let y be j(2). What is the highest common divisor of 225 and y?
25
Suppose -42*m + 2180 = 290. Suppose d + 8 = -7*d. Let s(q) = 9*q**2 + 3*q + 3. Let y be s(d). What is the greatest common factor of m and y?
9
Let u(m) = 3*m**2 + 85*m + 1478. Let l be u(-34). What is the highest common factor of 16 and l?
8
Let c = 10848 - 10766. Calculate the highest common divisor of 2009 and c.
41
Suppose 94*c = -37*c + 18*c + 452. Calculate the highest common factor of c and 526.
2
Let z(c) = -23*c - 7. Let f be z(-5). Let a(x) = x**3 - 37*x**2 - 15*x - 862. Let g be a(38). What is the highest common divisor of g and f?
12
Let q be -1 + (-8)/4 - -19. Suppose -q*u + 28*u = 456. Suppose 380 = 4*v - 0*v. Calculate the highest common divisor of u and v.
19
Suppose 33*c = -1229 - 652. Let v = -26 - c. Calculate the greatest common factor of v and 31.
31
Suppose -r + 4*d - 68 = r, -4*r - 136 = 3*d. Let y = r + 88. Suppose y = -j - 2*i + 244, -j - i + 195 = 0. Calculate the greatest common divisor of 25 and j.
25
Suppose -3*b + 110 = 5*r, 4*r + 35*b - 75 = 30*b. What is the greatest common divisor of r and 270?
5
Let s = 4389 - 4320. What is the highest common divisor of 12 and s?
3
Let o(x) = 27*x - 320. Let w be o(12). Suppose 0 = -w*r + 4, 3*i - 2837 + 28 = 5*r. Calculate the highest common factor of i and 14.
14
Let k be (-119)/(-42)*16 - (-1)/(-3). Suppose k*m - 360 = 40*m. Let g be 190/20 + (-1)/2. What is the greatest common factor of g and m?
9
Suppose 4*y + 2*y - 372 = 0. Let a = y - 62. Suppose -20 = -a*f - 5*f, -4*k = -f - 416. What is the greatest common factor of 15 and k?
15
Let q(j) = 28*j - 584. Let g be q(23). Let y be 0/(3*(-4)/(-6)). Let p be (2 + -3)*(y + -20). What is the greatest common factor of p and g?
20
Let c = 918 - 541. Let a = c - 307. Calculate the greatest common divisor of 770 and a.
70
Suppose -168*b + 175*b = 119. Calculate the greatest common factor of b and 3315.
17
Suppose 4*y + 57816 = 26*y. What is the greatest common factor of y and 12?
12
Let o = -64 + 81. Suppose -f - 24 = 5*v, -2*f + 18 = -5*f + 3*v. Let s(h) = -h**3 - 9*h**2 + 17. Let u be s(f). What is the highest common divisor of o and u?
17
Suppose 0 = 3*p - 6 - 6. Let j(y) = -y**2 - 24*y - 83. Let s be j(-17). Let o = s + -32. Calculate the highest common divisor of o and p.
4
Let c(t) = t**3 + 25*t**2 + 41*t + 66. Let p be c(-19). Suppose -p = 11*h - 9197. What is the greatest common divisor of 64 and h?
64
Suppose 0 = -2*h, -4*h + 0*h - 2990 = -5*r. Calculate the highest common factor of 234 and r.
26
Suppose -4*n = -15*n + 33. Let t be n/9 - (-2 - 295/15). What is the greatest common factor of t and 88?
22
Suppose -8*b + 964 = z, -3*z + 5*b + 3123 = 318. What is the highest common factor of 40 and z?
20
Suppose k - 3*d = -3*k - 52, d = 3*k + 34. Let b be (-9)/15 + k/25. Let m be (0 + 1)*(17 + 4/b). What is the greatest common divisor of 91 and m?
13
Let h(g) = 2*g + 23. Let w be h(-9). Suppose w*x = -2*j + 2*x + 209, 407 = 4*j - 5*x. Let l = j + 14. What is the greatest common factor of l and 13?
13
Let s = 538 - 525. Let o be 160/1040 + 9644/s. What is the greatest common factor of o and 14?
14
Suppose 6*r + 6*r - 5*r = 2373. Calculate the highest common factor of 42 and r.
3
Suppose 28*d + 5*u - 140 = 25*d, -d - 2*u = -45. Suppose -4*i + 20 = 0, 5*i = -3*s + 57 - 17. Calculate the greatest common factor of d and s.
5
Let h(n) be the third derivative of -n**6/120 - 7*n**5/30 + 7*n**4/12 + n**3/3 - 28*n**2 - 1. Let f be h(-15). Calculate the highest common factor of 51 and f.
17
Let o(b) = 34*b**3 + 9*b**2 - 35*b + 2. Let z be o(3). Calculate the greatest common factor of z and 49.
7
Let i be (-2*1/1)/(3/(-105)). What is the greatest common factor of 50 and i?
10
Suppose 0 = 4*y - 16, -305*c - 14 = -307*c + 4*y. What is the greatest common divisor of c and 295?
5
Let b be (-8)/36 - 110/(-9). Let m = -4443 - -4451. What is the highest common divisor of m and b?
4
Let s(t) = -3*t**2 - 46*t - 45. Let m be s(-14). What is the greatest common factor of m and 1111?
11
Suppose -68257 = -5*b + w, -54600 = -4295*b + 4291*b - 2*w. What is the greatest common divisor of 187 and b?
187
Suppose -3*j + 8*y = -582 - 792, 4*j - 1815 = 5*y. Suppose 49 = 4*i - 151. Calculate the highest common factor of i and j.
50
Let a be 2 + (-10)/(-2) - (-54384 + -7) - 8. Calculate the greatest common divisor of 35 and a.
35
Let j(u) = 273*u - 256*u - 127 - 8. Let g be j(8). What is the highest common factor of 4 and g?
1
Let z(t) = t**3 + 26*t**2 - 35*t + 4. Let v be z(-28). Let y = -912 - v. Let q be (-36 - -33)*y/6. What is the highest common divisor of q and 41?
41
Suppose -2*l = 4*t + 18, 3*l = t - 3*t - 11. Suppose 3*o - 4 + 1 = 0. Let c be (-2)/2 - (o - (l + 11)). Calculate the highest common factor of 32 and c.
8
Let s(m) = -3*m + 57 - m**2 - 20*m + 22*m. Let r be s(0). Calculate the highest common divisor of r and 57.
57
Suppose -2*u + 3*w + 91 = 0, -99 = -3*u - 2*w + 5. Let v be (3 + (-720)/50)*(-210)/9. What is the highest common factor of v and u?
38
Let d(v) = 8*v**2 - v. Let p be 26/(-7) - (-4)/28*-2. Let l be d(p). Let i be 1/(-4) - 35/(-28) - -11. What is the greatest common factor of i and l?
12
Let h(q) = -13*q**3 - 3*q + 2. Let b be h(1). Let r = b - -20. What is the greatest common divisor of r and 186?
6
Let m(d) = d**2 + 60*d - 229. Let v be m(4). What is the highest common divisor of 102 and v?
3
Let a(c) = -c**3 + 15*c**2 + 8. Suppose 9*s - 13*s = 248. Let r be s/(-4) + 2/(-4). Let p be a(r). What is the highest common divisor of p and 64?
8
Let h = 827 + -436. Let a = -355 + h. Calculate the greatest common factor of a and 36.
36
Let w(v) = -4*v**2 + 79*v + 101. Let z be w(17). What is the highest common factor of 608 and z?
32
Let w(t) = t**3 + 8*t**2 - 11*t - 2. Let o(c) = 24*c + 15. Let b be o(-1). Let d be w(b). Calculate the greatest common factor o